- 59) + (16 - 1)).
-36
9 - ((-1 - 0) + -144 + 150 - 6)
10
Calculate 74 - 82 - (-35 - (8 - 11)).
24
Evaluate 0 + 17 + (10 + -3 - -4) + (-4 - 16).
8
Calculate -124 + 122 + 13 + -44.
-33
What is 92 + -30 + (3 - (-7 + 12 + -16))?
76
What is -63 + 22 + -50 + 5 - -29?
-57
What is the value of 38 - 32 - (1 + -7) - (3 + -2) - -47?
58
(0 - -40) + -10 + 7 + -5 + (-64 - -61)
29
What is 13 + 115 + 131 + -293?
-34
What is the value of 47 - ((21 + -15 - -13) + -20)?
48
What is 2140 - 2161 - (8 + (-1 - 3) - 17)?
-8
(-20 - (-29 + 22)) + 66 + 14 + -7
60
20 - 22 - (-8 + 5) - (-5 - -40)
-34
-5 - 50 - (-43 + 36 - -12)
-60
-33 + (-28 - (3 + -25))
-39
Calculate (-4 - -122) + 10 + 33 + -31 + -26.
104
What is the value of -121 + 7 + 30 + -17 + -10 - (3 + -12)?
-102
What is (89 - 180) + 80 + (26 - -1)?
16
Evaluate -1 + 12 - (-7 - -7 - -9) - -21.
23
What is the value of (8502 - 8455) + (-24 - -1) + 1?
25
What is (-55 - (10 + -2 + -11)) + (-3 - -6 - 4)?
-53
4 - (-3 - -13 - -6) - -74
62
What is -97 + (-24 - (-59 - 2))?
-60
What is -18 + (7 - 11) + 19 + -2 + -32 + 2?
-35
Calculate (-21 - 2) + (129 - 44) + -29 - (-3 - 0).
36
-11 + -3 + (-21 + 5 - -31 - -8)
9
Evaluate -49 + 54 + (30 - -3).
38
Calculate 5 + (-90 - -83) - 81.
-83
Evaluate (-1 - (-42 + 0)) + (-2063 - -2049).
27
Evaluate -136 - -90 - (-65 + -3).
22
What is -114 + 29 + (82 - 75)?
-78
-35 + (175 - 52) + -52
36
What is (35 - 7) + 19 + 19?
66
What is the value of 1 + 105 + 8705 + -8739?
72
Calculate 100 - (57 - -20) - 25.
-2
What is (-725 - -702) + 2 + 8?
-13
Evaluate 3 + 2 + (-5 - (1 - -3)) + 12 - 6.
2
3 + -21 + (-170 - -186) + 28
26
(-6 - -14) + 52 - ((31 - 39) + (16 - 0))
52
Evaluate 2 + 2 + 15 + (-12 + 9 - -7).
23
What is the value of -15 - (20 - 21 - (3 - (2 - 5)))?
-8
What is ((-1 - -1) + -7 + -1 - (-45163 + 45163)) + 68?
60
-2 - 17 - (-161 - (-115 + -32))
-5
Evaluate -36 - (-22 - (-18 - (-16 + 32))).
-48
Evaluate -26 - (-18 - 38 - -33) - (7 - -1).
-11
What is 413 - 358 - (20 - 2)?
37
What is the value of (21 - 0) + (6 + 1 + 1 - (102 - 87))?
14
Evaluate -29 - (-16 + (11 + -3 - 8 - 10 - -17)).
-20
Evaluate 43 - (-52 - -62) - (-1 - -6).
28
What is 0 + 11 + (-29 - (-19 - 40))?
41
What is 4 + 5 + -8 - ((11 + -6 - -5) + -70)?
61
Evaluate (-23 - -1) + 434 + -432 + 22.
2
Evaluate 39 + -75 + -76 - (8 - -4) - -6.
-118
Evaluate -891 - -873 - (-1 - 65).
48
Calculate 8 + (90 - 74) + -4 + 2.
22
What is (110 - (4 - -60)) + -17?
29
Calculate 105 - (-60 - (-67 + 42)).
140
Evaluate -167 + 128 + (79 - -5) + 5.
50
Evaluate -49 - ((-11 - 20) + 8 - (3 - 11)).
-34
8 + 1 + (-2963 - -2936)
-18
What is the value of -25 + (-1 - 0 - ((-22 - -9) + 14))?
-27
Calculate (-44 - -48) + (10 - (3 - 4)) + -21.
-6
What is the value of -46 - (9 + 5 + -50)?
-10
Evaluate -20 - (-50 - 76 - (5 + -26 + 4)).
89
(-4 - -39) + 89 + -70
54
What is 33 - (1 - (-19 - (-30 - -8 - -10)))?
25
What is the value of 8 + (-6 - -43 - (-3 - (-16 + 11 + 13)))?
56
Evaluate (-53 + 49 - (1 + -6) - 1) + 35.
35
Evaluate (-7 - 0) + (-23 - -6) + -1 + -139 + 132.
-32
-52 - ((10 - 16 - -7) + -5)
-48
What is the value of (221 - 249) + 31 + 38?
41
Evaluate -9 + -37 + (4 - (3 + -4 + -3 + -2)).
-36
What is 249 + -258 + 8 + 1 - 17?
-17
What is -13 + (-2 + -2 - (11 + 2 + -26))?
-4
Calculate 128 + (8 - 1) + 35 + -52.
118
-20 - -27 - (38 - (8 + 0 - 5))
-28
Calculate 30 + -2 + 53 + 4 + -43 + -11.
31
3 - (37 + (-30 - -20 - -22))
-46
Evaluate 7 + 24 + (-5 - -40).
66
What is the value of -9 - -1 - (-7965 - -7970)?
-13
Evaluate -11 + 13 + (-48 - (14 - 34 - -38)).
-64
Evaluate -5 - (-1 + -5) - (6 + 11 - -81 - 4).
-93
What is the value of -70 - -44 - (-13 - (0 - -16))?
3
Evaluate 64 + -30 - (2 + -10 - -2).
40
15 - ((1 - -1) + -2 - (-22 - -5 - -10))
8
Evaluate 29 - 1 - (-31 - -29 - ((3 - 6) + 1)).
28
27 - ((162 - 22) + -66)
-47
What is -9 - (170 - (133 + -42))?
-88
What is the value of -52 + 25 + 15 + 11?
-1
Calculate (14 - 8) + 41 + (42 - 35).
54
What is 5 + (26 + -10 + -7 + (-5 - 3) - -1)?
7
Evaluate -95 + (-52 - -32) - -99.
-16
-13 + -27 - (-14 + (2 - 6)) - 9
-31
What is the value of (-4 - -21 - (-3 + 13)) + -43?
-36
Calculate 0 - 2 - (-5 + 4 - (-24 - -57)).
32
What is 213 + (-348 - -154) - (2 - -136)?
-119
Calculate -3 - (-95 + -21 - (-20 + 0)).
93
Evaluate (47 - 24) + -4 + -6 + (-2 - 20).
-9
Evaluate -33 - (-32 + -148 + 63).
84
What is 59 + (30 - (-43 - -83)) + (7 - -16)?
72
What is the value of 12 + (-95 - (-15 + 3)) - (-11 + 2 - -10)?
-72
What is the value of 137 - (151 + -3) - (38 - 0)?
-49
What is -115 + -83 + -3 + 144?
-57
What is the value of -2 + ((14 - -16) + 25 - -3)?
56
What is the value of -8 - ((-637 - -623) + (-5 - -1))?
10
Evaluate -35 - (58 + 21 + -103).
-11
What is the value of -1 - -22 - (76 + (-42 - 39))?
26
Evaluate -80 + 8 + 9 - (71 - 79).
-55
Evaluate -56 - (20 - 78) - (-2 - (0 - 75) - -1).
-72
-5 - (31 - ((4 - -6) + (6 - (19 - 7))))
-32
Evaluate (14 - 1) + 257 + -288.
-18
Calculate -1 - -19 - (-13 + (8 + 1 - -10 - 7)).
19
Calculate -41 + (31 - 38) - 9.
-57
What is the value of 31 - (2 + 29 + -22 + 2)?
20
Calculate 16 + (57 + -45 - (-24 + 4)).
48
Evaluate (38 + 25 - 13) + 27.
77
Evaluate -15 - ((-58 - -22) + 20 - -30).
-29
What is the value of -9 + 2 + (-45 - -71) + -9 + -21 + 2?
-9
-4 + 21 + (-4342 - -4327)
2
Calculate -18 + -6 + 3 + (-6 - (-4 - -2)) - 11.
-36
Calculate 0 + -20 + (73 - (-5 - 1)) + -16.
43
What is (35 - (-36 + 84)) + 26 + -2 + -31?
-20
4 - (12 + -28) - 73 - (-8 - 0)
-45
Evaluate 64 - (63 + 15) - (-46 + (-2 - -4)).
30
What is the value of 1 + -38 - (-140 - (-153 - -143))?
93
What is the value of -27 + -14 + 245 + -131?
73
Calculate 188 + -96 + -14 + -24.
54
What is 13 + (-9 - 21) + (5 - 101 - -5)?
-108
Evaluate -78 + (-17 - -31) + 3 + -5 + -2 + -1.
-69
Calculate -57 + 7 + -7 + (156 - 155) + 0 + 8.
-48
What is the value of (24 - -122) + -101 - 122?
-77
Calculate (-17 + (47 - 25) - -36) + 1.
42
53 + (-14 - 2) - (8 + (3 - 1) + 0)
27
(2 - 8) + -54 - -3 - (-275 + 293)
-75
What is the value of -12 + (3 - 2) + (17 - (35 - 6)) + -4?
-27
What is the value of 20 + -51 + 33 + -1 + -1 + 7?
7
Calculate -170 + 305 - 128 - (-2 + 0 - 1 - -10).
0
Evaluate 693 + -704 - (-4 - (3 + -6 + -60)).
-70
-2 + (3 - 6) + (24 - (20 - -8))
-9
What is the value of (9 - 2 - (-15 - -13) - -2) + -22?
-11
Evaluate -3856 - -3827 - (-56 - -2).
25
Calculate 3 + -6 + 35 - (20 - -2).
10
Calculate (-13 - -33) + (-24 - -5 - 4).
-3
Evaluate (0 - (13 + -16 + -41)) + 30.
74
-27 + (124 - 79) - 20
-2
12 - (17 + 2) - ((13 - 6) + -60 - 7)
53
Calculate (-2 - 3 - (-77 + 87)) + 1.
-14
What is the value of -3 - (-12 - 46 - -4) - (-1 - (3 + -12))?
43
What is the value of 3 + -3 + (-2 + 15 + -22 - (5 - 35))?
21
Calculate 762 - 831 - (-84 - -6) - (0 - 18).
27
-2 - ((13 - 0) + 5 + -13 + -8)
1
What is the value of 2116 + -2216 - (-52 + -1)?
-47
What is the value of -33 + (-3 - (-120 - -62))?
22
What is the value of (-36 - 22) + 2 + 14 + (-2 - 2)?
-46
Evaluate (-1 - -2 - 9) + (5473 - 5523).
-58
Calculate 48 - (10 - 34 - -30).
42
21 - 95 - (651 - 701)
-24
Calculate 14 + (-11 + 20 - 8).
15
What is the value of -15810 + 15717 + -2 + 47?
-48
What is the value of -54 + (-33 - -78) + -26?
-35
What is the value of (-14 - (-27 - -6 - 100)) + (-9 - 0)?
98
Calculate -14 - (542 + -547 + (-27 - 2)).
20
What is the value of 0 - -24 - (4846 - 4718)?
-104
What is (6 + 0 - (0 + -1)) + -210 + (170 - 18)?
-51
Calculate (7 - -1) + (-1 - 0) - (-77 - -173 - 89).
0
What is the value of -27 - (62 + -84 - 51)?
46
What is the value of (66 - 18) + -47 + 3?
4
Calculate (16 - -1) + (-28 - (11 + -24)).
2
Evaluate -16 - ((5 - 6) + -13 + 5 + -28).
21
What is the value of 0 + 11 + (-29 - -4 - -18) + -27 + -15?
-38
35 - (-35 + -19) - (18 - (0 - -3))
74
Calculate (-22 + -8 - -25) + -4 + -10 + 1.
-18
What is (18 - (181 - 83)) + -49?
-129
What is the value of -11 + -81 + 21 - (-21 + 48)?
-98
What is the value of -18 + (-3 - 0) + (-60 - -18 - -37)?
-26
Evaluate (-2 + 2 - -45) + (-138 - -164 - 23).
48
What is -2 + -125 + (-4 + 80 - 48)?
-99
Calculate -16 + 5 - (-263 - -178).
74
Evaluate 42 + 3 + (-25 - 7) - -37.
50
Calculate -11 + (117 - (-38 + 68)).
76
What is the value of 34 + -80 + 17 - -81?
52
What is the value of (61 - (113 + -31)) + (-4 - -9)?
-16
What is (6 + -1 - -38) + (1220 - 1182)?
81
68 + -85 + 55 - 44
-6
Calculate (34 + -20 - 34 -